{"id":57,"date":"2017-01-20T19:53:54","date_gmt":"2017-01-20T19:53:54","guid":{"rendered":"http:\/\/217.16.166.82\/envisage\/wordpress\/?page_id=57"},"modified":"2018-11-06T11:42:01","modified_gmt":"2018-11-06T11:42:01","slug":"korina-beim-ufu-e-v","status":"publish","type":"page","link":"https:\/\/neophyten-in-der-landwirtschaft.de\/index.php\/korina-beim-ufu-e-v\/","title":{"rendered":"KORINA beim UfU e. V."},"content":{"rendered":"<p>Katrin Schneider<br \/>\nKoordinationsstelle Invasive Neophyten in Schutzgebieten Sachsen-Anhalts beim UfU e. V.<br \/>\nGr. Klausstr. 11<br \/>\n06108 Halle (Saale)<br \/>\n0345-202 65 30<br \/>\nKatrin.Schneider (at) ufu.de<br \/>\nwww.korina.info<br \/>\nwww.ufu.de<br \/>\n@korinaUfU<\/p>\n<p>&nbsp;<\/p>\n<div class=\"osc-res-tab tabbable   osc-tabs-left\"><div style=\"clear:both;width: 100%;\"><ul class=\"nav osc-res-nav nav-tabs osc-tabs-left-ul\" id=\"oscitas-restabs-1-korina-beim-ufu-e-v-38910\"><li class=\"active\"><a href=\"#ert_pane1-0\" data-toggle=\"tab\">Aufgaben im Projekt<\/a><\/li><li class=\"\"><a href=\"#ert_pane1-1\" data-toggle=\"tab\">Wir \u00fcber uns<\/a><\/li><li class=\"\"><a href=\"#ert_pane1-2\" data-toggle=\"tab\">Publikationen<\/a><\/li><\/ul><\/div><div style=\"clear:both;width: 100%;\"><ul class=\"tab-content\" id=\"oscitas-restabcontent-1-korina-beim-ufu-e-v-38910\"><li class=\"tab-pane active\" id=\"ert_pane1-0\">Aufgabe des UfU e. V. sind die Netzwerk- sowie \u00d6ffentlichkeitsarbeit f\u00fcr das Projekt. Dies beinhaltet vor allem die Abstimmung mit \u00c4mtern und Beh\u00f6rden zur Beschaffung von Fundortdaten sowie die Mitarbeit an Konzipierung, Aufbau und Pflege des Webportals.<\/li><li class=\"tab-pane \" id=\"ert_pane1-1\">Das <a href=\"http:\/\/www.ufu.de\">Unabh\u00e4ngige Institut f\u00fcr Umweltfragen<\/a> ist eine gemeinn\u00fctzige, angewandt wissenschaftliche Einrichtung. Biodiversit\u00e4t und ihre Bedrohung durch invasive Neophyten sind Schwerpunkte des Fachgebietes \u201cNaturschutz und Umweltkommunikation\u201d.<\/p>\n<p>Um die Auswirkungen von Neophyten auf die heimische Natur genauer zu analysieren und Ma\u00dfnahmen gegen invasive Neophyten zu effektivieren wurde von 2010-2015 das Projekt \u201eFr\u00fchwarnsystem und Konzeption von Ma\u00dfnahmen gegen invasive Neophyten in Schutzgebieten Sachsen-Anhalts\u201c durchgef\u00fchrt. Daf\u00fcr wurde vom UfU die Koordinationsstelle Invasive Neophyten in Schutzgebieten Sachsen-Anhalts (KORINA) gegr\u00fcndet, die eine informative, beratende, operative sowie organisatorische Schnittstelle zwischen verschiedenen mit der Neophyten-Thematik befassten Akteuren darstellt.<\/p>\n<p>KORINA arbeitet seit 2017 an der Umsetzung des \u201c<a href=\"http:\/\/www.korina.info\/?q=node\/323\">Aktionsprogramms invasive Neophyten in Schutzgebieten Sachsen-Anhalts<\/a>\u201d. Dazu werden Akteure beraten und vernetzt, die Verbreitung invasiver Pflanzen erfasst und ihre Auswirkungen bewertet.<br \/>\nIm Internet (<a href=\"http:\/\/www.korina.info\">www.korina.info<\/a>) wurde ein Informationssystem geschaffen, \u00fcber welches unter anderem auf eine Datenbank mit allen bekannten Vorkommen von invasiven Neophyten in Sachsen-Anhalt zugegriffen werden kann. Die Datenbank enth\u00e4lt derzeit ca. 80.000 Fundortangaben, die sich aus Daten des Landesamtes f\u00fcr Umweltschutz, projektinternen Kartierungsergebnissen und Fundortmeldungen von B\u00fcrgern zusammensetzen. KORINA hat f\u00fcr 126 invasive Neophyten <a href=\"http:\/\/www.korina.info\/?q=node\/9\">Infoseiten<\/a> mit Fotos, Invasivit\u00e4tsbewertungen, Links und Literaturverweisen sowie Managementempfehlungen auf der Internetseite ver\u00f6ffentlicht. Invasive Neophyten k\u00f6nnen auf der Internetseite per Fundortmeldeformular oder mittels der <a href=\"http:\/\/www.korina.info\/?q=node\/75\">KORINA-App<\/a> gemeldet werden.<\/p>\n<p><\/li><li class=\"tab-pane \" id=\"ert_pane1-2\"><\/p>\n<p class=\"erstezeile\">SCHNEIDER, K. (2017): <span class=\"korinamengentext\">Umsetzung des Aktionsprogramms Invasive Neophyten in Schutzgebieten Sachsen-Anhalts.<\/span> Powerpoint-Pr\u00e4sentation 14.12.2017. 76 S. <a class=\"korinalink\" href=\"https:\/\/www.korina.info\/files\/Korina%202017%20Umsetzung%20Aktionsprogramm%20Stand%2014.12.2017x.pdf#overlay-context=node\/92%3Fq%3Dnode\/92\">pdf<\/a><\/p>\n<p><span class=\"korinatext\">Schneider, K. (2017):<\/span><span class=\"korinamengentext\"> Use of the KORINA-App for engaging citizens and agencies in detection of invasive plant species in Saxony-Anhalt, Germany.<\/span><span class=\"korinatext\"> IUFRO 125th Anniversary Congress 2017, Freiburg, 20.9.2017: 25 S. <a class=\"korinalink\" href=\"https:\/\/www.korina.info\/files\/Schneider%202017%20Use%20of%20the%20KORINA-App%20IUFRO.pdf#overlay-context=node\/92%3Fq%3Dnode\/92\" target=\"_blank\" rel=\"noopener\">pdf<\/a><\/span><\/p>\n<p><span class=\"korinatext\">SCHNEIDER, K. (2017): <\/span><span class=\"korinamengentext\">Vorstellung der Koordinationsstelle Invasive Neophyten in Schutzgebieten Sachsen-Anhalts beim UfU e. V. . <\/span><span class=\"korinatext\">Powerpoint-Pr\u00e4sentation Seminar &#8220;Neobiota: Management von invasiven gebietsfremden Arten&#8221; , Alfred Toepfer Akademie f\u00fcr Naturschutz, Camp Reinsehlen, 1.3.2017. 70 S. <a class=\"korinalink\" href=\"https:\/\/www.korina.info\/files\/Schneider%202017%20Vorstellung%20KORINA%20Alfred-Toepfer-Akademie%20x.pdf\" target=\"_blank\" rel=\"noopener\">pdf<\/a><\/span><\/p>\n<p><span class=\"korinatext\">SCHNEIDER, K. (2017): <\/span><span class=\"korinamengentext\">Riesenb\u00e4renklau, Staudenkn\u00f6terich &amp; Co. Bestimmung und Kontrolle. <\/span><span class=\"korinatext\">Powerpoint-Pr\u00e4sentation Seminar &#8220;Neobiota: Management von invasiven gebietsfremden Arten&#8221; , Alfred Toepfer Akademie f\u00fcr Naturschutz, Camp Reinsehlen, 2.3.2017. 54 S. <a class=\"korinalink\" href=\"https:\/\/www.korina.info\/files\/Schneider%202017%20Riesenb%C3%A4renklau%20Staudenkn%C3%B6terich%20und%20co%20x.pdf\" target=\"_blank\" rel=\"noopener\">pdf<\/a><\/span><\/p>\n<p class=\"erstezeile\"><span class=\"korinatext\">LHW (2016): <span class=\"korinamengentext\">Gemeinsam handeln: Neophyten in der Gew\u00e4sserunterhaltung in Sachsen-Anhalt.<\/span> Landesbetrieb f\u00fcr Hochwasserschutz und Wasserwirtschaft Sachsen-Anhalt, Landesamt f\u00fcr Umweltschutz Sachsen-Anhalt, KORINA. 11 S. <a class=\"korinalink\" href=\"https:\/\/www.korina.info\/wp-content\/uploads\/2017\/07\/LHW-2016-Gemeinsam-handeln.pdf\" target=\"_blank\" rel=\"noopener\">pdf <\/a><\/span><span class=\"korinatext\">1MB<\/span><\/p>\n<p><span class=\"korinatext\">KORINA (2015): <\/span><span class=\"korinamengentext\">Konzept f\u00fcr das Management von Riesen-B\u00e4renklau im Bereich Eisleben und Seeburg<\/span><span class=\"korinatext\"> \u2013 Entwurf 27.09.2015. Koordinationsstelle Invasive Neophyten in Schutzgebieten Sachsen-Anhalts beim UfU e. V. 39 S. <a class=\"korinalink\" href=\"https:\/\/www.korina.info\/wp-content\/uploads\/2013\/04\/KORINA%202015%20Konzept%20Management%20von%20RBK%20in%20Eisleben%20Entwurf20150927.pdf\" target=\"_blank\" rel=\"noopener\">pdf <\/a>7MB<\/span><\/p>\n<p>ADRIAENS, T., M. SUTTON-CROFT, K. OWEN, D. BROSENS, J. V. VALKENBURG, D. KILBEY, Q. GROOM, C. EHMIG, F. TH\u00dcRKOW &amp; K. SCHNEIDER (2015): Trying to engage the crowd in recording invasive alien species in Europe: experiences from two smartphone applications in northwest Europe. \u2013 Management of Biological Invasions. Special Issue: Alien species related information systems and information management 6, 2: S. 215\u2013225. <a class=\"korinalink broken_link\" href=\"http:\/\/www.reabic.net\/journals\/mbi\/2015\/2\/MBI_2015_Adriaens_etal.pdf\" target=\"_blank\" rel=\"noopener\">pdf<\/a><\/p>\n<p><span class=\"korinatext\">SCHNEIDER, K. (2015): <span class=\"korinamengentext\">Management von invasiven Neophyten in Sachsen-Anhalt. <\/span>Powerpoint-Pr\u00e4sentation. Ausschuss f\u00fcr Umwelt des Landtages Sachsen-Anhalt, 21.1.2015. 54 S. <a class=\"korinalink\" href=\"https:\/\/www.korina.info\/files\/Schneider%202015%20Umweltausschuss%20Landtag%20Sachsen-Anhalt%20x_0.pdf\" target=\"_blank\" rel=\"noopener\">pdf<\/a> 8,3MB<\/span><\/p>\n<p><span class=\"korinatext\">KORINA (2013): <span class=\"korinamengentext\">Handlungsempfehlungen zum Management der Staudenkn\u00f6teriche in Schutzgebieten und deren Einzugsgebieten in Sachsen-Anhalt \u2013 Stand 23.3.2013<\/span>. Koordinationsstelle Invasive Neophyten in Schutzgebieten Sachsen-Anhalts beim UfU e. V. 9 S. <\/span><span class=\"korinatitle\"><span class=\"korinatext\"><a class=\"korinalink\" href=\"https:\/\/www.korina.info\/files\/KORINA_2013_Handlungsempfehlungen_Fallopia-Stand_23.03.2013.pdf\" target=\"_blank\" rel=\"noopener\">pdf 0,5 MB<\/a><\/span><\/span><\/p>\n<p><span class=\"korinatext\">KORINA (2013): <span class=\"korinamengentext\">Handlungsempfehlungen zum Umgang mit dem Orientalischen Zackensch\u00f6tchen in Sachsen-Anhalt.<\/span> Koordinationsstelle Invasive Neophyten in Schutzgebieten Sachsen-Anhalts beim UfU. 3 S. <\/span><span class=\"korinatitle\"><span class=\"korinatext\"><a class=\"korinalink\" href=\"https:\/\/www.korina.info\/files\/KORINA%202013%20Handlungsempfehlungen%20Bunias%20orientalis%20Sachsen-Anhalt%20.pdf\" target=\"_blank\" rel=\"noopener\">pdf 100KB<\/a><\/span><\/span><\/p>\n<p><span class=\"korinatext\">SCHNEIDER, K. (2013): <span class=\"korinamengentext\">Bunias orientalis in Sachsen-Anhalt.<\/span> Powerpoint-Pr\u00e4sentation. Workshop \u201eM\u00f6glichkeiten des Managements von Bunias orientalis in Sachsen-Anhalt\u201c 6.02.2013, Landesamt f\u00fcr Umweltschutz Sachsen-Anhalt. Koordinationsstelle Invasive Neophyten in Schutzgebieten Sachsen-Anhalts beim UfU e. V. 27 S.&nbsp;<\/span><span class=\"korinatitle\"> <span class=\"korinatext\"><a class=\"korinalink\" href=\"https:\/\/www.korina.info\/files\/Schneider%202013%20Vortrag%206.02.2013%20Bunias%20erg%C3%A4nzt%20KORINA.pdf\" target=\"_blank\" rel=\"noopener\">pdf 4,9MB<\/a><\/span><\/span><\/p>\n<p><span class=\"korinatext\">SCHNEIDER, K. &amp; A. HORMANN (2013): <span class=\"korinamengentext\">Strategie zum Umgang mit dem Riesen-B\u00e4renklau in Sachsen-Anhalt \u2013 Stand 12.06.2013<\/span>. Koordinationsstelle Invasive Neophyten in Schutzgebieten Sachsen-Anhalts beim UfU e. V. . 22 S. <\/span><span class=\"korinatitle\"><a class=\"korinalink\" href=\"https:\/\/www.korina.info\/files\/Schneider%202013%20Strategie%20Riesenb%C3%A4renklau%20KORINA.pdf\" target=\"_blank\" rel=\"noopener\">pdf<\/a> <\/span><span class=\"korinatext\">1,4 MB<\/span><\/p>\n<p>SCHNEIDER, K. &amp; A. HORMANN (2011): Fr\u00fchwarnsystem und Konzeption von Ma\u00dfnahmen gegen invasive Neophyten in Schutzgebieten Sachsen-Anhalts \u2013 Zielstellung und erste Ergebnisse. \u2013 Naturschutz im Land Sachsen-Anhalt 48, 1 + 2: S. 69-75. <span class=\"korinatitle\"><span class=\"Txt\"><a class=\"korinalink\" href=\"https:\/\/www.korina.info\/files\/Schneider%202011%20Fr%C3%BChwarnsystem%20und%20Konzeption%20von%20Ma%C3%9Fnahmen%20gegen%20inv.%20Neophyten%20in%20ST.pdf\" target=\"_blank\" rel=\"noopener\">pdf<\/a> <\/span><\/span><span class=\"korinatext\">5,3MB<\/span><\/p>\n<p><\/li><\/ul><\/div><\/div>\n","protected":false},"excerpt":{"rendered":"<p>Katrin Schneider Koordinationsstelle Invasive Neophyten in Schutzgebieten Sachsen-Anhalts beim UfU e. V. Gr. Klausstr. 11 06108 Halle (Saale) 0345-202 65 30 Katrin.Schneider (at) ufu.de www.korina.info www.ufu.de @korinaUfU &nbsp;<\/p>\n<p> <a class=\"continue-reading-link\" href=\"https:\/\/neophyten-in-der-landwirtschaft.de\/index.php\/korina-beim-ufu-e-v\/\"><span>Continue reading<\/span><i class=\"crycon-right-dir\"><\/i><\/a> <\/p>\n","protected":false},"author":1,"featured_media":0,"parent":0,"menu_order":0,"comment_status":"closed","ping_status":"closed","template":"","meta":{"ngg_post_thumbnail":0,"_monsterinsights_skip_tracking":false,"_monsterinsights_sitenote_active":false,"_monsterinsights_sitenote_note":"","_monsterinsights_sitenote_category":0},"_links":{"self":[{"href":"https:\/\/neophyten-in-der-landwirtschaft.de\/index.php\/wp-json\/wp\/v2\/pages\/57"}],"collection":[{"href":"https:\/\/neophyten-in-der-landwirtschaft.de\/index.php\/wp-json\/wp\/v2\/pages"}],"about":[{"href":"https:\/\/neophyten-in-der-landwirtschaft.de\/index.php\/wp-json\/wp\/v2\/types\/page"}],"author":[{"embeddable":true,"href":"https:\/\/neophyten-in-der-landwirtschaft.de\/index.php\/wp-json\/wp\/v2\/users\/1"}],"replies":[{"embeddable":true,"href":"https:\/\/neophyten-in-der-landwirtschaft.de\/index.php\/wp-json\/wp\/v2\/comments?post=57"}],"version-history":[{"count":16,"href":"https:\/\/neophyten-in-der-landwirtschaft.de\/index.php\/wp-json\/wp\/v2\/pages\/57\/revisions"}],"predecessor-version":[{"id":968,"href":"https:\/\/neophyten-in-der-landwirtschaft.de\/index.php\/wp-json\/wp\/v2\/pages\/57\/revisions\/968"}],"wp:attachment":[{"href":"https:\/\/neophyten-in-der-landwirtschaft.de\/index.php\/wp-json\/wp\/v2\/media?parent=57"}],"curies":[{"name":"wp","href":"https:\/\/api.w.org\/{rel}","templated":true}]}}