{"id":53,"date":"2017-01-20T19:49:34","date_gmt":"2017-01-20T19:49:34","guid":{"rendered":"http:\/\/217.16.166.82\/envisage\/wordpress\/?page_id=53"},"modified":"2018-05-09T10:55:40","modified_gmt":"2018-05-09T10:55:40","slug":"julius-kuhn-institut","status":"publish","type":"page","link":"https:\/\/neophyten-in-der-landwirtschaft.de\/index.php\/julius-kuhn-institut\/","title":{"rendered":"Julius K\u00fchn-Institut"},"content":{"rendered":"<p>Dr. Arnd Verschwele<br \/>\nJulius K\u00fchn-Institut<br \/>\nBundesforschungsinstitut f\u00fcr Kulturpflanzen<br \/>\nMesseweg 11\/12<br \/>\n38104 Braunschweig<br \/>\nTelefon: +49 531-299-3909<br \/>\nFax: +49 531-299-3010<br \/>\nE-Mail: arnd.verschwele (at) julius-k\u00fchn.de<\/p>\n<p>Dr. Ulrike S\u00f6lter<br \/>\nJulius K\u00fchn-Institut<br \/>\nBundesforschungsinstitut f\u00fcr Kulturpflanzen<br \/>\nMesseweg 11\/12<br \/>\n38104 Braunschweig<br \/>\nTelefon: +49 531-299-3907<br \/>\nFax: +49 531-299-3010<br \/>\nE-Mail: ulrike.soelter (at) julius-k\u00fchn.de<\/p>\n<p>&nbsp;<\/p>\n<div class=\"osc-res-tab tabbable   osc-tabs-left\"><div style=\"clear:both;width: 100%;\"><ul class=\"nav osc-res-nav nav-tabs osc-tabs-left-ul\" id=\"oscitas-restabs-1-julius-kuhn-institut-34479\"><li class=\"active\"><a href=\"#ert_pane1-0\" data-toggle=\"tab\">Aufgaben im Projekt<\/a><\/li><li class=\"\"><a href=\"#ert_pane1-1\" data-toggle=\"tab\">Wir \u00fcber uns<\/a><\/li><li class=\"\"><a href=\"#ert_pane1-2\" data-toggle=\"tab\">Publikationen<\/a><\/li><\/ul><\/div><div style=\"clear:both;width: 100%;\"><ul class=\"tab-content\" id=\"oscitas-restabcontent-1-julius-kuhn-institut-34479\"><li class=\"tab-pane active\" id=\"ert_pane1-0\">Das Julius K\u00fchn-Institut (JKI) analysiert im Projektvorhaben die Gef\u00e4hrdungssituation in Deutschland bezogen auf die Ausbreitung der betrachteten Arten. Dabei flie\u00dfen insbesondere Erkenntnisse zu Ph\u00e4nologie, Verbreitungsstrategie (auch unter Ber\u00fccksichtigung anthropogener Einfl\u00fcsse), Verbreitungsgrenzen und Konkurrenzverhalten in die Bewertung ein. Weiterhin pr\u00fcft das JKI in Gef\u00e4\u00df- und Kleinparzellenversuchen die Wirkung verschiedener chemische und nicht-chemische Methoden der Bek\u00e4mpfung auf Acker- und Gr\u00fcnlandfl\u00e4chen. Au\u00dferdem \u00fcbernimmt das JKI die wissenschaftliche Begleitung des Projektes.<\/li><li class=\"tab-pane \" id=\"ert_pane1-1\">Das Julius K\u00fchn-Institut hat in den letzten Jahren an der Bek\u00e4mpfung des invasiven Neophyten Ambrosia artemisiifolia verst\u00e4rkt mitgewirkt, unter anderem in dem EUPHRESCO Projekt AMBROSIA von 2008 bis 2009 und darauf aufbauend als Projektleiter in dem EU Projekt HALT AMBROSIA (2011-2014).<br \/>\nIm Institut f\u00fcr Pflanzenschutz in Ackerbau und Gr\u00fcnland liegen dar\u00fcber hinaus umfangreiche Erfahrungen zur integrierten Bek\u00e4mpfung perennierender Arten wie der Acker-Kratzdistel und dem Acker-Schachtelhalm vor. Ein weiterer Schwerpunkt aktueller Forschungsarbeiten liegt auf dem Gebiet der Unkrautregulierung im \u00d6kologischen Landbau.<br \/>\nDas Institut ist&nbsp; verantwortlich f\u00fcr die Wirksamkeitsbewertung von Herbiziden und verf\u00fcgt daher \u00fcber umfangreiche Kenntnisse und Erfahrungen zur chemischen Bek\u00e4mpfung von Unkr\u00e4utern.<\/li><li class=\"tab-pane \" id=\"ert_pane1-2\"><\/p>\n<p><strong>S\u00f6lter, U., Starfinger, U.Verschwele, A. (2016)<\/strong>: <a href=\"http:\/\/pub.jki.bund.de\/index.php\/JKA\/article\/view\/7124\/6603\" class=\"broken_link\">HALT Ambrosia &#8211; final project report and general publication of project findings<\/a>.&nbsp; Julius-K\u00fchn-Archiv 455. 232 S.<\/p>\n<p><b>S\u00f6chting, H.-P.; Verschwele, A. (2016): <\/b> <a href=\"http:\/\/dx.doi.org\/10.5073\/jka.2016.452.015\">Untersuchungen zur Populationsdynamik von Senecio jacobaea und anderer Senecio-Arten.<\/a> In: Nordmeyer, H.; Ulber, L. (Hrsg.): Tagungsband 27. Deutsche Arbeitsbesprechung \u00fcber Fragen der Unkrautbiologie und \u2013bek\u00e4mpfung : 23.-25. Februar 2016, Braunschweig(Julius-K\u00fchn-Archiv 452), Quedlinburg, 111-118.<\/p>\n<p><b>Verschwele, A.; Stieg, D. (2016): <\/b> <a href=\"http:\/\/dx.doi.org\/10.5073\/jka.2016.452.064\">Entwicklung eines Standard-Pr\u00fcfverfahrens f\u00fcr Ger\u00e4te zur thermischen Unkrautbek\u00e4mpfung.<\/a> In: Nordmeyer, H.; Ulber, L. (Hrsg.): Tagungsband 27. Deutsche Arbeitsbesprechung \u00fcber Fragen der Unkrautbiologie und \u2013bek\u00e4mpfung : 23.-25. Februar 2016, Braunschweig(Julius-K\u00fchn-Archiv 452), Quedlinburg, 471-476.<\/p>\n<p><b>S\u00f6lter, U.; Mathiassen, S.K.; Verschwele, A. (2016): <\/b> <a href=\"http:\/\/dx.doi.org\/10.5073\/jka.2016.452.029\">Combining cutting and herbicide application for Ambrosia artemisiifolia control.<\/a> In: Nordmeyer, H.; Ulber, L. (Hrsg.): Tagungsband 27. Deutsche Arbeitsbesprechung \u00fcber Fragen der Unkrautbiologie und \u2013bek\u00e4mpfung : 23.-25. Februar 2016, Braunschweig (Julius-K\u00fchn-Archiv 452), Quedlinburg, 210-216.<\/p>\n<p><b>Verschwele, A.; Vasileiadis, V.; Leskovsek, R.; Sattin, M. (2016): <\/b> <a href=\"http:\/\/dx.doi.org\/10.5073\/jka.2016.452.027\">On-farm investigations on integrated weed management in maize in three European countries.<\/a> In: Nordmeyer, H.; Ulber, L. (Hrsg.): Tagungsband 27. Deutsche Arbeitsbesprechung \u00fcber Fragen der Unkrautbiologie und \u2013bek\u00e4mpfung : 23.-25. Februar 2016, Braunschweig (Julius-K\u00fchn-Archiv 452), Quedlinburg, 201-205.<\/p>\n<p><b>S\u00f6lter, U.; Verschwele, A. (2013): <\/b> Stoppt die Ambrosie. dlz-magazin : 24-25.<\/p>\n<p><b>S\u00f6lter, U.; Verschwele, A.; Starfinger, U. (2013): <\/b> Improving the competitiveness of sunflower and maize against Ambrosia artemisiifolia. : 16th EWRS Symposium, 24-27 June 2013, Ondokuz Mayis University, Samsun, Turkey, 159.<\/p>\n<p><b>Lamerre, J.; Verschwele, A. (2013): <\/b> Effects of crop management and stubble tillage on weed seed predation. In: AFPPIn: 22th COLUMA Conference International Meeting on Weed Control, Dijon, France, 22.<\/p>\n<p><b>Starfinger, U.; Karrer, G.; S\u00f6lter, U.; Verschwele, A.; Kazinczi, G.; Basky, Z.; K\u00f6mives, T.; Kudsk, P.; Mathiassen, S.K.; Simon\u010di\u010d, A.; Leskov\u0161ek, R. (2013): <\/b> Results from the HALT AMBROSIA Project: New insights into seed biology. : Proceedings of the 16th EWRS Symposium : 24-27 June 2013, Ondokuz Mayis University, Samsun, Turkey, 51.<\/p>\n<p><b>Vasileiadis, V.P.; van Dijk, W.; Urek, G.; Leskov\u0161ek, R.; Furlan, L.; Verschwele, A.; Holb, I.; Giraud, M.; Otto, S.; Sattin, M. (2013): <\/b> Field-scale evaluation of IPM tools in maize: what is their agronomic and economic impact?. In: Future IPM in Europe, Riva del Garda, 117-118.<\/p>\n<p><b>Verschwele, A. (2013): <\/b> Cultivar effects on weeds and yield for different control methods in wheat. : Proceedings of the 16th EWRS Symposium : 24-27 June 2013, Ondokuz Mayis University, Samsun, Turkey, 158.<\/p>\n<p>S\u00f6lter, U.; Starfinger, U.; Verschwele, A. (2012): HALT Ambrosia \u2013 complex research on the invasive alien plant ragweed (Ambrosia artemisiifolia L.) in Europe. In: Nordmeyer, H.; Ulber, L. (Hrsg.): Tagungsband \/ 25. Deutsche Arbeitsbesprechung \u00fcber Fragen der Unkrautbiologie und -bek\u00e4mpfung : 13.-15. M\u00e4rz 2012, Braunschweig (Julius-K\u00fchn-Archiv 434), Quedlinburg, 627-629.<\/p>\n<p>Starfinger, U.; S\u00f6lter, U.; Verschwele, A. (2012): The fate of ragweed seed in heat. : NEOBIOTA 2012. Halting Biological Invasions in Europe: from Data to Decisions ; 7th European Conference on Biological Invasions. Pontevedra (Spain), 12-14 September 2012, 228.<\/p>\n<p>Starfinger, U.; S\u00f6lter, U.; Verschwele, A.; Karrer, G.; Lener, F.; Kerepesi, I.; Kazinczi, G.; Kudsk, P.; Mathiassen, S.K. (2012): A ring test for ragweed seed viability using tetrazolium testing. : NEOBIOTA 2012. Halting Biological Invasions in Europe: from Data to Decisions ; 7th European Conference on Biological Invasions. Pontevedra (Spain), 12-14 September 2012, 227.<\/p>\n<p><\/li><\/ul><\/div><\/div>\n","protected":false},"excerpt":{"rendered":"<p>Dr. Arnd Verschwele Julius K\u00fchn-Institut Bundesforschungsinstitut f\u00fcr Kulturpflanzen Messeweg 11\/12 38104 Braunschweig Telefon: +49 531-299-3909 Fax: +49 531-299-3010 E-Mail: arnd.verschwele (at) julius-k\u00fchn.de Dr. Ulrike S\u00f6lter Julius K\u00fchn-Institut Bundesforschungsinstitut f\u00fcr Kulturpflanzen Messeweg 11\/12 38104 Braunschweig Telefon: +49 531-299-3907 Fax: +49 531-299-3010 E-Mail: ulrike.soelter (at) julius-k\u00fchn.de &nbsp;<\/p>\n<p> <a class=\"continue-reading-link\" href=\"https:\/\/neophyten-in-der-landwirtschaft.de\/index.php\/julius-kuhn-institut\/\"><span>Continue reading<\/span><i class=\"crycon-right-dir\"><\/i><\/a> <\/p>\n","protected":false},"author":1,"featured_media":0,"parent":0,"menu_order":0,"comment_status":"closed","ping_status":"closed","template":"","meta":{"ngg_post_thumbnail":0,"_monsterinsights_skip_tracking":false,"_monsterinsights_sitenote_active":false,"_monsterinsights_sitenote_note":"","_monsterinsights_sitenote_category":0},"_links":{"self":[{"href":"https:\/\/neophyten-in-der-landwirtschaft.de\/index.php\/wp-json\/wp\/v2\/pages\/53"}],"collection":[{"href":"https:\/\/neophyten-in-der-landwirtschaft.de\/index.php\/wp-json\/wp\/v2\/pages"}],"about":[{"href":"https:\/\/neophyten-in-der-landwirtschaft.de\/index.php\/wp-json\/wp\/v2\/types\/page"}],"author":[{"embeddable":true,"href":"https:\/\/neophyten-in-der-landwirtschaft.de\/index.php\/wp-json\/wp\/v2\/users\/1"}],"replies":[{"embeddable":true,"href":"https:\/\/neophyten-in-der-landwirtschaft.de\/index.php\/wp-json\/wp\/v2\/comments?post=53"}],"version-history":[{"count":5,"href":"https:\/\/neophyten-in-der-landwirtschaft.de\/index.php\/wp-json\/wp\/v2\/pages\/53\/revisions"}],"predecessor-version":[{"id":874,"href":"https:\/\/neophyten-in-der-landwirtschaft.de\/index.php\/wp-json\/wp\/v2\/pages\/53\/revisions\/874"}],"wp:attachment":[{"href":"https:\/\/neophyten-in-der-landwirtschaft.de\/index.php\/wp-json\/wp\/v2\/media?parent=53"}],"curies":[{"name":"wp","href":"https:\/\/api.w.org\/{rel}","templated":true}]}}