{"id":344,"date":"2017-01-20T20:38:54","date_gmt":"2017-01-20T20:38:54","guid":{"rendered":"http:\/\/217.16.166.82\/envisage\/wordpress\/?page_id=344"},"modified":"2020-05-18T08:54:36","modified_gmt":"2020-05-18T08:54:36","slug":"stechapfel","status":"publish","type":"page","link":"https:\/\/neophyten-in-der-landwirtschaft.de\/index.php\/stechapfel\/","title":{"rendered":"Stechapfel"},"content":{"rendered":"<div class=\"osc-res-tab tabbable   osc-tabs-left\"><div style=\"clear:both;width: 100%;\"><ul class=\"nav osc-res-nav nav-tabs osc-tabs-left-ul\" id=\"oscitas-restabs-1-stechapfel-52647\"><li class=\"active\"><a href=\"#ert_pane1-0\" data-toggle=\"tab\">Fotos<\/a><\/li><li class=\"\"><a href=\"#ert_pane1-1\" data-toggle=\"tab\">Management<\/a><\/li><li class=\"\"><a href=\"#ert_pane1-2\" data-toggle=\"tab\">weitere Informationsquellen<\/a><\/li><\/ul><\/div><div style=\"clear:both;width: 100%;\"><ul class=\"tab-content\" id=\"oscitas-restabcontent-1-stechapfel-52647\"><li class=\"tab-pane active\" id=\"ert_pane1-0\"><\/p>\n<p><!-- index.php -->\n<div\n\tclass=\"ngg-galleryoverview ngg-ajax-pagination-none\"\n\tid=\"ngg-gallery-18cd17f32f341a6e6ba55f9edd86f237-1\">\n\n    \t<div class=\"slideshowlink\">\n        <a href='https:\/\/neophyten-in-der-landwirtschaft.de\/index.php\/stechapfel\/nggallery\/slideshow'>&#091;Show slideshow&#093;<\/a>\n\t\t\n\t<\/div>\n\t\t\t<!-- Thumbnails -->\n\t\t\t\t<div id=\"ngg-image-0\" class=\"ngg-gallery-thumbnail-box\" >\n\t\t\t\t        <div class=\"ngg-gallery-thumbnail\">\n            <a href=\"https:\/\/neophyten-in-der-landwirtschaft.de\/wp-content\/gallery\/DatSt-Vorstellung\/Datura-stramonium-20111006Karottenfeld_Hockenheim2-AnRo0002-CC0-x.jpg\"\n               title=\"Stechapfel in M\u00f6hrenfeld, Foto: AnRo0002, commons.wikimedia.org\"\n               data-src=\"https:\/\/neophyten-in-der-landwirtschaft.de\/wp-content\/gallery\/DatSt-Vorstellung\/Datura-stramonium-20111006Karottenfeld_Hockenheim2-AnRo0002-CC0-x.jpg\"\n               data-thumbnail=\"https:\/\/neophyten-in-der-landwirtschaft.de\/wp-content\/gallery\/DatSt-Vorstellung\/thumbs\/thumbs_Datura-stramonium-20111006Karottenfeld_Hockenheim2-AnRo0002-CC0-x.jpg\"\n               data-image-id=\"97\"\n               data-title=\"OLYMPUS DIGITAL CAMERA\"\n               data-description=\"Stechapfel in M\u00f6hrenfeld, Foto: AnRo0002, commons.wikimedia.org\"\n               data-image-slug=\"datura-stramonium-20111006karottenfeld_hockenheim2-anro0002-cc0-x\"\n               class=\"ngg-fancybox\" rel=\"18cd17f32f341a6e6ba55f9edd86f237\">\n                <img\n                    title=\"OLYMPUS DIGITAL CAMERA\"\n                    alt=\"OLYMPUS DIGITAL CAMERA\"\n                    src=\"https:\/\/neophyten-in-der-landwirtschaft.de\/wp-content\/gallery\/DatSt-Vorstellung\/thumbs\/thumbs_Datura-stramonium-20111006Karottenfeld_Hockenheim2-AnRo0002-CC0-x.jpg\"\n                    width=\"240\"\n                    height=\"160\"\n                    style=\"max-width:100%;\"\n                \/>\n            <\/a>\n        <\/div>\n\t\t\t\t\t\t\t<\/div> \n\t\t\t\n        \n\t\t\t\t<div id=\"ngg-image-1\" class=\"ngg-gallery-thumbnail-box\" >\n\t\t\t\t        <div class=\"ngg-gallery-thumbnail\">\n            <a href=\"https:\/\/neophyten-in-der-landwirtschaft.de\/wp-content\/gallery\/DatSt-Vorstellung\/Datura_stramonium__49_10082007_4-Olivier-Pichard-CCBYSA3.0-x.jpg\"\n               title=\"bl\u00fchende Pflanze, Foto: Olivier Pichard, commons.wikimedia.org\"\n               data-src=\"https:\/\/neophyten-in-der-landwirtschaft.de\/wp-content\/gallery\/DatSt-Vorstellung\/Datura_stramonium__49_10082007_4-Olivier-Pichard-CCBYSA3.0-x.jpg\"\n               data-thumbnail=\"https:\/\/neophyten-in-der-landwirtschaft.de\/wp-content\/gallery\/DatSt-Vorstellung\/thumbs\/thumbs_Datura_stramonium__49_10082007_4-Olivier-Pichard-CCBYSA3.0-x.jpg\"\n               data-image-id=\"104\"\n               data-title=\"Datura_stramonium__49_10082007_4-Olivier-Pichard-CCBYSA3.0-x\"\n               data-description=\"bl\u00fchende Pflanze, Foto: Olivier Pichard, commons.wikimedia.org\"\n               data-image-slug=\"datura_stramonium__49_10082007_4-olivier-pichard-ccbysa3-0-x\"\n               class=\"ngg-fancybox\" rel=\"18cd17f32f341a6e6ba55f9edd86f237\">\n                <img\n                    title=\"Datura_stramonium__49_10082007_4-Olivier-Pichard-CCBYSA3.0-x\"\n                    alt=\"Datura_stramonium__49_10082007_4-Olivier-Pichard-CCBYSA3.0-x\"\n                    src=\"https:\/\/neophyten-in-der-landwirtschaft.de\/wp-content\/gallery\/DatSt-Vorstellung\/thumbs\/thumbs_Datura_stramonium__49_10082007_4-Olivier-Pichard-CCBYSA3.0-x.jpg\"\n                    width=\"240\"\n                    height=\"160\"\n                    style=\"max-width:100%;\"\n                \/>\n            <\/a>\n        <\/div>\n\t\t\t\t\t\t\t<\/div> \n\t\t\t\n        \n\t\t\t\t<div id=\"ngg-image-2\" class=\"ngg-gallery-thumbnail-box\" >\n\t\t\t\t        <div class=\"ngg-gallery-thumbnail\">\n            <a href=\"https:\/\/neophyten-in-der-landwirtschaft.de\/wp-content\/gallery\/DatSt-Vorstellung\/Datura_stramonium_002-Amada44-CC-x.jpg\"\n               title=\"Blatt, Foto: Amada44, commons.wikimedia.org\"\n               data-src=\"https:\/\/neophyten-in-der-landwirtschaft.de\/wp-content\/gallery\/DatSt-Vorstellung\/Datura_stramonium_002-Amada44-CC-x.jpg\"\n               data-thumbnail=\"https:\/\/neophyten-in-der-landwirtschaft.de\/wp-content\/gallery\/DatSt-Vorstellung\/thumbs\/thumbs_Datura_stramonium_002-Amada44-CC-x.jpg\"\n               data-image-id=\"102\"\n               data-title=\"Datura_stramonium_002-Amada44-CC-x\"\n               data-description=\"Blatt, Foto: Amada44, commons.wikimedia.org\"\n               data-image-slug=\"datura_stramonium_002-amada44-cc-x\"\n               class=\"ngg-fancybox\" rel=\"18cd17f32f341a6e6ba55f9edd86f237\">\n                <img\n                    title=\"Datura_stramonium_002-Amada44-CC-x\"\n                    alt=\"Datura_stramonium_002-Amada44-CC-x\"\n                    src=\"https:\/\/neophyten-in-der-landwirtschaft.de\/wp-content\/gallery\/DatSt-Vorstellung\/thumbs\/thumbs_Datura_stramonium_002-Amada44-CC-x.jpg\"\n                    width=\"240\"\n                    height=\"160\"\n                    style=\"max-width:100%;\"\n                \/>\n            <\/a>\n        <\/div>\n\t\t\t\t\t\t\t<\/div> \n\t\t\t\n        \n\t\t\t\t<div id=\"ngg-image-3\" class=\"ngg-gallery-thumbnail-box\" >\n\t\t\t\t        <div class=\"ngg-gallery-thumbnail\">\n            <a href=\"https:\/\/neophyten-in-der-landwirtschaft.de\/wp-content\/gallery\/DatSt-Vorstellung\/Datura_stramonium_jd_plt-Pancrat-CCBYSA3.0-x.jpg\"\n               title=\"Bl\u00fcte, Foto: Pancrat, commons.wikimedia.org\"\n               data-src=\"https:\/\/neophyten-in-der-landwirtschaft.de\/wp-content\/gallery\/DatSt-Vorstellung\/Datura_stramonium_jd_plt-Pancrat-CCBYSA3.0-x.jpg\"\n               data-thumbnail=\"https:\/\/neophyten-in-der-landwirtschaft.de\/wp-content\/gallery\/DatSt-Vorstellung\/thumbs\/thumbs_Datura_stramonium_jd_plt-Pancrat-CCBYSA3.0-x.jpg\"\n               data-image-id=\"105\"\n               data-title=\"Datura_stramonium_jd_plt-Pancrat-CCBYSA3.0-x\"\n               data-description=\"Bl\u00fcte, Foto: Pancrat, commons.wikimedia.org\"\n               data-image-slug=\"datura_stramonium_jd_plt-pancrat-ccbysa3-0-x\"\n               class=\"ngg-fancybox\" rel=\"18cd17f32f341a6e6ba55f9edd86f237\">\n                <img\n                    title=\"Datura_stramonium_jd_plt-Pancrat-CCBYSA3.0-x\"\n                    alt=\"Datura_stramonium_jd_plt-Pancrat-CCBYSA3.0-x\"\n                    src=\"https:\/\/neophyten-in-der-landwirtschaft.de\/wp-content\/gallery\/DatSt-Vorstellung\/thumbs\/thumbs_Datura_stramonium_jd_plt-Pancrat-CCBYSA3.0-x.jpg\"\n                    width=\"240\"\n                    height=\"160\"\n                    style=\"max-width:100%;\"\n                \/>\n            <\/a>\n        <\/div>\n\t\t\t\t\t\t\t<\/div> \n\t\t\t\n        \n\t\t\t\t<div id=\"ngg-image-4\" class=\"ngg-gallery-thumbnail-box\" >\n\t\t\t\t        <div class=\"ngg-gallery-thumbnail\">\n            <a href=\"https:\/\/neophyten-in-der-landwirtschaft.de\/wp-content\/gallery\/DatSt-Vorstellung\/Datura-stramonium-20120919Stechapfel_Hockenheim3-AnRo0002-CC0-x.jpg\"\n               title=\"Frucht, Foto: AnRo0002, commons.wikimedia.org\"\n               data-src=\"https:\/\/neophyten-in-der-landwirtschaft.de\/wp-content\/gallery\/DatSt-Vorstellung\/Datura-stramonium-20120919Stechapfel_Hockenheim3-AnRo0002-CC0-x.jpg\"\n               data-thumbnail=\"https:\/\/neophyten-in-der-landwirtschaft.de\/wp-content\/gallery\/DatSt-Vorstellung\/thumbs\/thumbs_Datura-stramonium-20120919Stechapfel_Hockenheim3-AnRo0002-CC0-x.jpg\"\n               data-image-id=\"98\"\n               data-title=\"Datura-stramonium-20120919Stechapfel_Hockenheim3-AnRo0002-CC0-x\"\n               data-description=\"Frucht, Foto: AnRo0002, commons.wikimedia.org\"\n               data-image-slug=\"datura-stramonium-20120919stechapfel_hockenheim3-anro0002-cc0-x\"\n               class=\"ngg-fancybox\" rel=\"18cd17f32f341a6e6ba55f9edd86f237\">\n                <img\n                    title=\"Datura-stramonium-20120919Stechapfel_Hockenheim3-AnRo0002-CC0-x\"\n                    alt=\"Datura-stramonium-20120919Stechapfel_Hockenheim3-AnRo0002-CC0-x\"\n                    src=\"https:\/\/neophyten-in-der-landwirtschaft.de\/wp-content\/gallery\/DatSt-Vorstellung\/thumbs\/thumbs_Datura-stramonium-20120919Stechapfel_Hockenheim3-AnRo0002-CC0-x.jpg\"\n                    width=\"240\"\n                    height=\"160\"\n                    style=\"max-width:100%;\"\n                \/>\n            <\/a>\n        <\/div>\n\t\t\t\t\t\t\t<\/div> \n\t\t\t\n        \n\t\t\t\t<div id=\"ngg-image-5\" class=\"ngg-gallery-thumbnail-box\" >\n\t\t\t\t        <div class=\"ngg-gallery-thumbnail\">\n            <a href=\"https:\/\/neophyten-in-der-landwirtschaft.de\/wp-content\/gallery\/DatSt-Vorstellung\/Datura_stramonium-20131209Stechapfel_Reilingen3-AnRo0002-CC0-x.jpg\"\n               title=\"reife Frucht, Foto: AnRo0002, commons.wikimedia.org\"\n               data-src=\"https:\/\/neophyten-in-der-landwirtschaft.de\/wp-content\/gallery\/DatSt-Vorstellung\/Datura_stramonium-20131209Stechapfel_Reilingen3-AnRo0002-CC0-x.jpg\"\n               data-thumbnail=\"https:\/\/neophyten-in-der-landwirtschaft.de\/wp-content\/gallery\/DatSt-Vorstellung\/thumbs\/thumbs_Datura_stramonium-20131209Stechapfel_Reilingen3-AnRo0002-CC0-x.jpg\"\n               data-image-id=\"100\"\n               data-title=\"Datura_stramonium-20131209Stechapfel_Reilingen3-AnRo0002-CC0-x\"\n               data-description=\"reife Frucht, Foto: AnRo0002, commons.wikimedia.org\"\n               data-image-slug=\"datura_stramonium-20131209stechapfel_reilingen3-anro0002-cc0-x\"\n               class=\"ngg-fancybox\" rel=\"18cd17f32f341a6e6ba55f9edd86f237\">\n                <img\n                    title=\"Datura_stramonium-20131209Stechapfel_Reilingen3-AnRo0002-CC0-x\"\n                    alt=\"Datura_stramonium-20131209Stechapfel_Reilingen3-AnRo0002-CC0-x\"\n                    src=\"https:\/\/neophyten-in-der-landwirtschaft.de\/wp-content\/gallery\/DatSt-Vorstellung\/thumbs\/thumbs_Datura_stramonium-20131209Stechapfel_Reilingen3-AnRo0002-CC0-x.jpg\"\n                    width=\"240\"\n                    height=\"160\"\n                    style=\"max-width:100%;\"\n                \/>\n            <\/a>\n        <\/div>\n\t\t\t\t\t\t\t<\/div> \n\t\t\t\n        \n\t\t\t\t<div id=\"ngg-image-6\" class=\"ngg-gallery-thumbnail-box\" >\n\t\t\t\t        <div class=\"ngg-gallery-thumbnail\">\n            <a href=\"https:\/\/neophyten-in-der-landwirtschaft.de\/wp-content\/gallery\/DatSt-Vorstellung\/Datura_stramonium_MHNT.BOT_.2004.0.263a-By-Didier-Descouens-Own-work-CC-BY-SA-3.0-x.jpg\"\n               title=\"Fr\u00fcchte und Samen, Foto: Didier Descouens, commons.wikimedia.org\"\n               data-src=\"https:\/\/neophyten-in-der-landwirtschaft.de\/wp-content\/gallery\/DatSt-Vorstellung\/Datura_stramonium_MHNT.BOT_.2004.0.263a-By-Didier-Descouens-Own-work-CC-BY-SA-3.0-x.jpg\"\n               data-thumbnail=\"https:\/\/neophyten-in-der-landwirtschaft.de\/wp-content\/gallery\/DatSt-Vorstellung\/thumbs\/thumbs_Datura_stramonium_MHNT.BOT_.2004.0.263a-By-Didier-Descouens-Own-work-CC-BY-SA-3.0-x.jpg\"\n               data-image-id=\"103\"\n               data-title=\"Datura stramonium MHNT.BOT.2004.0.263a\"\n               data-description=\"Fr\u00fcchte und Samen, Foto: Didier Descouens, commons.wikimedia.org\"\n               data-image-slug=\"datura_stramonium_mhnt-bot_-2004-0-263a-by-didier-descouens-own-work-cc-by-sa-3-0-x\"\n               class=\"ngg-fancybox\" rel=\"18cd17f32f341a6e6ba55f9edd86f237\">\n                <img\n                    title=\"Datura stramonium MHNT.BOT.2004.0.263a\"\n                    alt=\"Datura stramonium MHNT.BOT.2004.0.263a\"\n                    src=\"https:\/\/neophyten-in-der-landwirtschaft.de\/wp-content\/gallery\/DatSt-Vorstellung\/thumbs\/thumbs_Datura_stramonium_MHNT.BOT_.2004.0.263a-By-Didier-Descouens-Own-work-CC-BY-SA-3.0-x.jpg\"\n                    width=\"240\"\n                    height=\"160\"\n                    style=\"max-width:100%;\"\n                \/>\n            <\/a>\n        <\/div>\n\t\t\t\t\t\t\t<\/div> \n\t\t\t\n        \n\t\t\t\t<div id=\"ngg-image-7\" class=\"ngg-gallery-thumbnail-box\" >\n\t\t\t\t        <div class=\"ngg-gallery-thumbnail\">\n            <a href=\"https:\/\/neophyten-in-der-landwirtschaft.de\/wp-content\/gallery\/DatSt-Vorstellung\/Datura_seeds-Corin-Royal-Drummond-CC-BY-SA-2.0-x.jpg\"\n               title=\"Samen, Foto: Corin Royal Drummond, commons.wikimedia.org\"\n               data-src=\"https:\/\/neophyten-in-der-landwirtschaft.de\/wp-content\/gallery\/DatSt-Vorstellung\/Datura_seeds-Corin-Royal-Drummond-CC-BY-SA-2.0-x.jpg\"\n               data-thumbnail=\"https:\/\/neophyten-in-der-landwirtschaft.de\/wp-content\/gallery\/DatSt-Vorstellung\/thumbs\/thumbs_Datura_seeds-Corin-Royal-Drummond-CC-BY-SA-2.0-x.jpg\"\n               data-image-id=\"99\"\n               data-title=\"Datura_seeds-Corin-Royal-Drummond-CC-BY-SA-2.0-x\"\n               data-description=\"Samen, Foto: Corin Royal Drummond, commons.wikimedia.org\"\n               data-image-slug=\"datura_seeds-corin-royal-drummond-cc-by-sa-2-0-x\"\n               class=\"ngg-fancybox\" rel=\"18cd17f32f341a6e6ba55f9edd86f237\">\n                <img\n                    title=\"Datura_seeds-Corin-Royal-Drummond-CC-BY-SA-2.0-x\"\n                    alt=\"Datura_seeds-Corin-Royal-Drummond-CC-BY-SA-2.0-x\"\n                    src=\"https:\/\/neophyten-in-der-landwirtschaft.de\/wp-content\/gallery\/DatSt-Vorstellung\/thumbs\/thumbs_Datura_seeds-Corin-Royal-Drummond-CC-BY-SA-2.0-x.jpg\"\n                    width=\"240\"\n                    height=\"160\"\n                    style=\"max-width:100%;\"\n                \/>\n            <\/a>\n        <\/div>\n\t\t\t\t\t\t\t<\/div> \n\t\t\t\n        \n\t\t\t\t<div id=\"ngg-image-8\" class=\"ngg-gallery-thumbnail-box\" >\n\t\t\t\t        <div class=\"ngg-gallery-thumbnail\">\n            <a href=\"https:\/\/neophyten-in-der-landwirtschaft.de\/wp-content\/gallery\/DatSt-Vorstellung\/Datura_stramonium-5-AnRo0002-CC0-x.jpg\"\n               title=\"Wurzel, Foto: AnRo0002, commons.wikimedia.org\"\n               data-src=\"https:\/\/neophyten-in-der-landwirtschaft.de\/wp-content\/gallery\/DatSt-Vorstellung\/Datura_stramonium-5-AnRo0002-CC0-x.jpg\"\n               data-thumbnail=\"https:\/\/neophyten-in-der-landwirtschaft.de\/wp-content\/gallery\/DatSt-Vorstellung\/thumbs\/thumbs_Datura_stramonium-5-AnRo0002-CC0-x.jpg\"\n               data-image-id=\"101\"\n               data-title=\"Datura_stramonium-5-AnRo0002-CC0-x\"\n               data-description=\"Wurzel, Foto: AnRo0002, commons.wikimedia.org\"\n               data-image-slug=\"datura_stramonium-5-anro0002-cc0-x\"\n               class=\"ngg-fancybox\" rel=\"18cd17f32f341a6e6ba55f9edd86f237\">\n                <img\n                    title=\"Datura_stramonium-5-AnRo0002-CC0-x\"\n                    alt=\"Datura_stramonium-5-AnRo0002-CC0-x\"\n                    src=\"https:\/\/neophyten-in-der-landwirtschaft.de\/wp-content\/gallery\/DatSt-Vorstellung\/thumbs\/thumbs_Datura_stramonium-5-AnRo0002-CC0-x.jpg\"\n                    width=\"240\"\n                    height=\"160\"\n                    style=\"max-width:100%;\"\n                \/>\n            <\/a>\n        <\/div>\n\t\t\t\t\t\t\t<\/div> \n\t\t\t\n        \n\t\t\t\t<div id=\"ngg-image-9\" class=\"ngg-gallery-thumbnail-box\" >\n\t\t\t\t        <div class=\"ngg-gallery-thumbnail\">\n            <a href=\"https:\/\/neophyten-in-der-landwirtschaft.de\/wp-content\/gallery\/DatSt-Vorstellung\/Datura-stramonium-20111006Karottenfeld_Hockenheim1-AnRo0002-CC0-x.jpg\"\n               title=\"Stechapfel in M\u00f6hrenfeld, Foto: AnRo0002, commons.wikimedia.org\"\n               data-src=\"https:\/\/neophyten-in-der-landwirtschaft.de\/wp-content\/gallery\/DatSt-Vorstellung\/Datura-stramonium-20111006Karottenfeld_Hockenheim1-AnRo0002-CC0-x.jpg\"\n               data-thumbnail=\"https:\/\/neophyten-in-der-landwirtschaft.de\/wp-content\/gallery\/DatSt-Vorstellung\/thumbs\/thumbs_Datura-stramonium-20111006Karottenfeld_Hockenheim1-AnRo0002-CC0-x.jpg\"\n               data-image-id=\"96\"\n               data-title=\"OLYMPUS DIGITAL CAMERA\"\n               data-description=\"Stechapfel in M\u00f6hrenfeld, Foto: AnRo0002, commons.wikimedia.org\"\n               data-image-slug=\"datura-stramonium-20111006karottenfeld_hockenheim1-anro0002-cc0-x\"\n               class=\"ngg-fancybox\" rel=\"18cd17f32f341a6e6ba55f9edd86f237\">\n                <img\n                    title=\"OLYMPUS DIGITAL CAMERA\"\n                    alt=\"OLYMPUS DIGITAL CAMERA\"\n                    src=\"https:\/\/neophyten-in-der-landwirtschaft.de\/wp-content\/gallery\/DatSt-Vorstellung\/thumbs\/thumbs_Datura-stramonium-20111006Karottenfeld_Hockenheim1-AnRo0002-CC0-x.jpg\"\n                    width=\"240\"\n                    height=\"160\"\n                    style=\"max-width:100%;\"\n                \/>\n            <\/a>\n        <\/div>\n\t\t\t\t\t\t\t<\/div> \n\t\t\t\n        \n\t\t\n\t\t<!-- Pagination -->\n\t<div class='ngg-clear'><\/div>\t<\/div>\n<\/li><li class=\"tab-pane \" id=\"ert_pane1-1\"><\/p>\n<div>\n<h3><a href=\"http:\/\/neophyten-in-der-landwirtschaft.de\/handlungsempfehlungen\/index.html?neoid=9&amp;card=1\" target=\"_blank\" rel=\"noopener noreferrer\">ENVISAGE-Handlungsempfehlungen &gt;&gt;<\/a><\/h3>\n<\/div>\n<div>&nbsp;<\/div>\n<div><strong>weitere Informationsquellen zum Management des Stechapfels:<\/strong><\/div>\n<div>\n<p><span class=\"korinatext\">ABBAS, H. K., S. O. DUKE, R. N. PAUL, R. T. RILEY &amp; T. TANAKA (1995): AAL-toxin, a potent natural herbicide which disrupts sphingolipid metabolism of plants. \u2013 Pesticide Science 43, 3: S. 181-187.&nbsp;<\/span> <strong><a class=\"korinalink broken_link\" href=\"http:\/\/onlinelibrary.wiley.com\/doi\/10.1002\/ps.2780430302\/abstract\" target=\"_blank\" rel=\"noopener noreferrer\">&gt;&gt;<\/a><\/strong><\/p>\n<p><span class=\"korinatext\">BIOFARM (2016): Achtung Hirse-Produzenten: Stechapfel-Pflanzen suchen, ausreissen und melden! biofarm. 2 S. <strong><a href=\"http:\/\/www.biofarm.ch\/docs\/default-source\/default-document-library\/tropanalkaloid-hirse-mb_biofarm0616.pdf?sfvrsn=2\" target=\"_blank\" rel=\"noopener noreferrer\" class=\"broken_link\">&gt;&gt;<\/a><\/strong><\/span><\/p>\n<p><span class=\"korinatext\">CABI (2015): Datura stramonium (jimsonweed). Datasheet Invasive Species Compendium. \u2013 Stand: 11.08.2016&nbsp;<\/span> <strong><a class=\"korinalink broken_link\" href=\"http:\/\/www.cabi.org\/isc\/datasheet\/18006\" target=\"_blank\" rel=\"noopener noreferrer\">&gt;&gt;<\/a><\/strong><\/p>\n<p>KLUG, P. (2008): Immer mehr Unkraut-Exoten im Mais. \u2013 top agrar 5, 66-70. <strong><a href=\"http:\/\/www.topagrar.com\/archiv\/Immer-mehr-Unkraut-Exoten-im-Mais-180122.html\" target=\"_blank\" rel=\"noopener noreferrer\" class=\"broken_link\">&gt;&gt;<\/a><\/strong><\/p>\n<p>MEINLSCHMIDT, E. (2006): Wirksamkeit von Herbiziden&nbsp; im Mais Versuchsjahr 2006 S\u00e4chsische Landesanstalt f\u00fcr Landwirtschaft Referat Pflanzenschutz 11 S. <strong><a href=\"https:\/\/www.landwirtschaft.sachsen.de\/landwirtschaft\/download\/pflanzliche_Erzeugung\/Mais_Herb06.pdf\" target=\"_blank\" rel=\"noopener noreferrer\" class=\"broken_link\">&gt;&gt;<\/a><\/strong><\/p>\n<p>MEINLSCHMIDT, E. (2017): Ergebnisse der Bek\u00e4mpfung von Samtpappel und Stechapfel auf landwirtschaftlichen Fl\u00e4chen in Sachsen. Pr\u00e4sentation. ENVISAGE-Workshop \u201cMa\u00dfnahmen zur Kontrolle von Neophyten auf landwirtschaftlichen Nutzfl\u00e4chen\u201d, Bernburg 9.3.2017. 22 S. <a href=\"http:\/\/neophyten-in-der-landwirtschaft.de\/wp-content\/uploads\/2018\/05\/Meinlschmidt-2017-Samtpappel_Stechapfel_09_M%C3%A4rz_-2017.pdf\" target=\"_blank\" rel=\"noopener noreferrer\">&gt;&gt;<\/a><\/p>\n<p>PACHTROG, V. (2017): Neue Unkr\u00e4uter und Ungr\u00e4ser im Ackerbau &#8211; Teil 2. <a href=\"https:\/\/www.lko.at\/neue-unkr%C3%A4uter-und-ungr%C3%A4ser-im-ackerbau-teil-2+2500+2545187\" target=\"_blank\" rel=\"noopener noreferrer\" class=\"broken_link\">&gt;&gt;<\/a><\/p>\n<p>TORNER, C., M. J. SANCHEZ DEL ARCO, A. PARDO, M. L. SUSO, M. E. CAUDEVILLA &amp; C. ZARAGOZA (1995): Growth of maize in competition with Chenopodium album L. and Datura stramonium L. \u2013 Proceedings of the 1995 Congress of the Spanish Weed Science Society, Huesca, Spain, 14-16 November 1995, 323-328.<\/p>\n<p>&nbsp;<\/p>\n<\/div>\n<p><\/li><li class=\"tab-pane \" id=\"ert_pane1-2\"><\/p>\n<p>&nbsp;<\/p>\n<p><span class=\"korinatext\">CABI (2015): Datura stramonium (jimsonweed). Datasheet Invasive Species Compendium. \u2013 Stand: 11.08.2016 <strong><span class=\"korinamengentext\" style=\"color: #ff9900;\">A M W<\/span><\/strong><\/span> <strong><a class=\"korinalink broken_link\" href=\"http:\/\/www.cabi.org\/isc\/datasheet\/18006\" target=\"_blank\" rel=\"noopener noreferrer\">&gt;&gt;<\/a><\/strong><\/p>\n<p><span class=\"korinatext\">WEAVER, S. E. &amp; S. I. WARWICK (1984): The biology of Canadian weeds. 64. Datura stramonium L. . \u2013 Canadian Journal of Plant Science 64, 4: S. 979-991.<\/span> <strong><span class=\"korinamengentext\" style=\"color: #ff9900;\">A<\/span> <a class=\"korinalink broken_link\" href=\"http:\/\/www.nrcresearchpress.com\/doi\/pdf\/10.4141\/cjps84-132\" target=\"_blank\" rel=\"noopener noreferrer\">&gt;&gt;<\/a><\/strong><\/p>\n<p><img decoding=\"async\" loading=\"lazy\" class=\"alignnone size-medium\" src=\"https:\/\/www.korina.info\/files\/field\/image\/Abk%C3%BCrzungen4%20breit.jpg\" width=\"1004\" height=\"494\"><\/p>\n<p><\/li><\/ul><\/div><\/div>\n","protected":false},"excerpt":{"rendered":"<p> <a class=\"continue-reading-link\" href=\"https:\/\/neophyten-in-der-landwirtschaft.de\/index.php\/stechapfel\/\"><span>Continue reading<\/span><i class=\"crycon-right-dir\"><\/i><\/a> <\/p>\n","protected":false},"author":1,"featured_media":0,"parent":0,"menu_order":0,"comment_status":"closed","ping_status":"closed","template":"","meta":{"ngg_post_thumbnail":0,"_monsterinsights_skip_tracking":false,"_monsterinsights_sitenote_active":false,"_monsterinsights_sitenote_note":"","_monsterinsights_sitenote_category":0},"_links":{"self":[{"href":"https:\/\/neophyten-in-der-landwirtschaft.de\/index.php\/wp-json\/wp\/v2\/pages\/344"}],"collection":[{"href":"https:\/\/neophyten-in-der-landwirtschaft.de\/index.php\/wp-json\/wp\/v2\/pages"}],"about":[{"href":"https:\/\/neophyten-in-der-landwirtschaft.de\/index.php\/wp-json\/wp\/v2\/types\/page"}],"author":[{"embeddable":true,"href":"https:\/\/neophyten-in-der-landwirtschaft.de\/index.php\/wp-json\/wp\/v2\/users\/1"}],"replies":[{"embeddable":true,"href":"https:\/\/neophyten-in-der-landwirtschaft.de\/index.php\/wp-json\/wp\/v2\/comments?post=344"}],"version-history":[{"count":6,"href":"https:\/\/neophyten-in-der-landwirtschaft.de\/index.php\/wp-json\/wp\/v2\/pages\/344\/revisions"}],"predecessor-version":[{"id":1323,"href":"https:\/\/neophyten-in-der-landwirtschaft.de\/index.php\/wp-json\/wp\/v2\/pages\/344\/revisions\/1323"}],"wp:attachment":[{"href":"https:\/\/neophyten-in-der-landwirtschaft.de\/index.php\/wp-json\/wp\/v2\/media?parent=344"}],"curies":[{"name":"wp","href":"https:\/\/api.w.org\/{rel}","templated":true}]}}